10110110 (base 2) to base 6.
-2023354
-5555371 (base 8) to base 2
-101101101101011111001
Convert a1415 (base 11) to base 12.
71955
Convert 102221222220 (base 3) to base 11.
1509a9
Convert -2223532 (base 8) to base 10.
-599898
Convert -1ca7e (base 16) to base 5.
-12223444
84605b (base 12) to base 10
2084039
Convert -11010001010000100 (base 2) to base 10.
-107140
-102022102012220 (base 3) to base 15
-7db2b3
What is -198766 (base 12) in base 10?
-450366
What is -100111340 (base 5) in base 12?
-17042b
Convert 103440034 (base 6) to base 2.
111000101000110010110
acb688 (base 16) to base 10
11318920
13051650 (base 7) to base 14
22d527
-102243234 (base 5) to base 13
-121292
Convert 142134231 (base 5) to base 8.
2645145
What is -5782760 (base 9) in base 3?
-12212202212000
What is 1111011000101 (base 2) in base 9?
11722
a29a8 (base 13) to base 5
33313123
32836 (base 9) to base 8
52476
What is -11330344 (base 5) in base 11?
-71a65
Convert 312405432 (base 7) to base 8.
106215206
-10020110001200 (base 3) to base 14
-32b39c
What is 20c5f9 (base 16) in base 15?
2c65dd
What is 543145 (base 6) in base 14?
12465
What is 58984d (base 14) in base 7?
34456526
-43644 (base 7) to base 16
-2acf
What is -1630479 (base 14) in base 15?
-e4b7b4
111000111100101101 (base 2) to base 14
61017
3089a90 (base 13) to base 5
12232333440
What is -4d10 (base 16) in base 6?
-231200
-12626065 (base 7) to base 10
-1166590
What is -12111002021 (base 3) in base 4?
-122112301
Convert 1ab8831 (base 12) to base 8.
25636645
2322020011 (base 5) to base 12
191bb69
What is -14706 (base 12) in base 3?
-1110022120
Convert -12008 (base 15) to base 9.
-86638
Convert 2111010012020 (base 3) to base 6.
44152053
Convert 184b3 (base 13) to base 3.
2101102020
What is 1010000000111010 (base 2) in base 10?
41018
What is -531331345 (base 6) in base 7?
-142103006
Convert 13205335 (base 6) to base 7.
3466040
-6564309 (base 11) to base 16
-afe7e3
What is 10100101110010001 (base 2) in base 3?
11022102202
42233542 (base 6) to base 14
241686
What is -234430 (base 9) in base 15?
-2bbd3
What is -46ab6 (base 12) in base 14?
-2681c
Convert -101101100111011001 (base 2) to base 8.
-554731
1274617 (base 11) to base 2
1000011001101001101010
What is 69785 (base 11) in base 3?
12010020001
Convert -3bcabe (base 16) to base 11.
-2237057
Convert 2c0c48 (base 13) to base 7.
12146165
Convert -113122142 (base 6) to base 11.
-121161a
What is -7a0abc (base 13) in base 12?
-b72522
Convert 2040434211 (base 5) to base 4.
100021213101
Convert -4ad5b (base 14) to base 12.
-8a3b1
What is -3036542 (base 10) in base 6?
-145030022
Convert -443030133 (base 5) to base 4.
-13111223101
253764 (base 8) to base 15
1b152
Convert 11000110000011011000 (base 2) to base 7.
6616041
What is 42a640b (base 12) in base 4?
300102303023
What is -cc6c2 (base 14) in base 8?
-1707242
What is -21505225 (base 6) in base 9?
-1184838
Convert -3216534 (base 7) to base 6.
-12215310
Convert -34145111 (base 7) to base 4.
-23110331000
What is -11010100001001000 (base 2) in base 5?
-11433431
Convert -1722405 (base 8) to base 7.
-4154430
Convert 1031002332 (base 4) to base 3.
121000220020
What is 110110000202 (base 3) in base 11?
158055
1651250 (base 9) to base 5
213410401
4210a8 (base 12) to base 11
64a3a3
What is 1111000101011010111110 (base 2) in base 12?
13a84a6
37042 (base 14) to base 12
65a16
Convert -173147 (base 14) to base 2.
-11000111000001111011
Convert -15ac658 (base 13) to base 9.
-14143145
Convert 15123002 (base 6) to base 15.
a54de
Convert 1a174d (base 15) to base 11.
798725
What is -110001010000011100000 (base 2) in base 9?
-3030046
-1011011110111101100 (base 2) to base 7
-3125041
-51465 (base 11) to base 5
-4400331
Convert -4145536 (base 7) to base 3.
-221100111021
What is 1727043 (base 8) in base 3?
221120102220
What is 310b9b7 (base 13) in base 11?
8441803
Convert -12002112112 (base 3) to base 13.
-36839
1034402142 (base 5) to base 8
10503415
425127 (base 8) to base 5
14020121
What is -379e1d (base 15) in base 12?
-a86a31
-1025435353 (base 6) to base 7
-161465004
What is 1001011110110011 (base 2) in base 14?
1021d
-22cc8 (base 15) to base 14
-2c5a8
-35453041 (base 6) to base 13
-2cbb01
131331332 (base 4) to base 3
20020101022
What is -13011232332 (base 4) in base 13?
-500c01
223313222 (base 4) to base 16
2bdea
506574 (base 8) to base 2
101000110101111100
1b3a0 (base 12) to base 10
40296
What is -3202554 (base 6) in base 12?
-7645a
What is -10b20 (base 13) in base 2?
-111011011101110
What is 68a352 (base 11) in base 10?
1097164
What is 1434343 (base 8) in base 12?
177b97
Convert 101251 (base 7) to base 4.
10032010
What is 2214381 (base 9) in base 16?
122b75
What is -46a2 (base 11) in base 6?
-44310
What is -10000000000001001000 (base 2) in base 6?
-15123332
Convert 1330231 (base 6) to base 12.
36977
5257207 (base 8) to base 13
3a0594
Convert -12230075 (base 9) to base 4.
-112310313110
114222131 (base 5) to base 10
539041
3044a6 (base 14) to base 7
16546466
What is 1047204 (base 10) in base 5?
232002304
What is -4c0acc (base 16) in base 11?
-28a41a5
What is 22025013 (base 6) in base 11?
409570
-1746067 (base 8) to base 10
-511031
What is -103220232 (base 4) in base 10?
-80430
122308 (base 12) to base 10
294200
Convert 43562 (base 8) to base 12.
a702
What is -289ed (base 16) in base 9?
-273207
Convert -59fde (base 16) to base 3.
-200201122002
-1143013 (base 5) to base 13
-9b01
-17338717 (base 9) to base 13
-1a5aa76
What is -10350351 (base 6) in base 11?
-1a1902
Convert 11010111110000000110 (base 2) to base 11.
553a50
76303 (base 8) to base 6
403511
What is 113132444 (base 5) in base 2?
1111111001100100111
Convert 100100100110111010000 (base 2) to base 3.
2020221111110
What is 44315312 (base 6) in base 14?
2696c4
1406563 (base 9) to base 16
bc979
-60600106 (base 7) to base 2
-10011001110111111101011
What is -100011111111101011100100 (base 2) in base 14?
-1378a32
110101111010011010 (base 2) to base 6
4422202
What is -152f17 (base 16) in base 13?
-397bb2
What is 12102131020 (base 4) in base 2?
110010010011101001000
Convert 16496 (base 12) to base 16.
7c32
113003110 (base 6) to base 7
23565030
What is -3e78f (base 16) in base 5?
-31142022
What is a031a9 (base 13) in base 4?
32030022111
What is 2202012000220 (base 3) in base 5?
333211321
Convert b09bb (base 12) to base 13.
80627
1caa0 (base 16) to base 13
41595
Convert 3341110440 (base 5) to base 6.
421453033
Convert 10010002010210 (base 3) to base 9.
3102123
-196ac4 (base 14) to base 11
-56689a
Convert 111000111000110 (base 2) to base 7.
150626
What is -11020011010011 (base 3) in base 4?
-20210203033
-681ea (base 16) to base 6
-13050230
Convert 33639 (base 15) to base 2.
100111111001001100
cd1a3 (base 16) to base 9
1520353
12200031323 (base 4) to base 15
23a202
What is 297e3 (base 15) in base 3?
20210000020
Convert 100010011101001101 (base 2) to base 13.
4c315
What is 117700a (base 12) in base 14?
644270
Convert 6638a7 (base 11) to base 3.
1222210222202
-100000101111110000 (base 2) to base 3
-20210222201
-1023034 (base 6) to base 10
-49918
What is -c594 (base 15) in base 7?
-232522
Convert 330113203 (base 5) to base 8.
5302574
Convert 2040211 (base 5) to base 6.
420302
192401 (base 10) to base 11
121610
Convert 1311302 (base 4) to base 9.
11305
What is -433014203 (base 5) in base 15?
-2669a3
What is 4443120 (base 6) in base 13?
7aa18
What is -1000010101110100110100 (base 2) in base 13?
-5b7320
101001101011000101 (base 2) to base 9
280128
What is 18b41 (base 14) in base 13?
2263c
100121065 (base 7) to base 2
10110000100110010110000
Convert -46331074 (base 8) to base 10.
-10072636
Convert -341346 (base 7) to base 13.
-21738
-100000011111110010001 (base 2) to base 16
-103f91
What is -a55a3 (base 13) in base 2?
-1001000101001100101
Convert -33447 (base 16) to base 5.
-23204431
What is 7ad1 (base 15) in base 7?
136003
What is 12012120211122 (base 3) in base 8?
12434476
2275763 (base 10) to base 14
433507
110200000002 (base 3) to base 9
420002
Convert 11211322120 (base 4) to base 14.
2a238c
8cae1 (base 16) to base 10
576225
What is -188c62 (base 13) in base 9?
-1143664
Convert 1660d3 (base 14) to base 5.
200104334
Convert -5132533 (base 7) to base 11.
-389794
-100111110011001 (base 2) to base 12
-b961
What is